s the remainder when b is divided by 7?
6
Let l = -26 + 31. Suppose -4*m + l*m + 5 = 0. Let c = m + 28. Calculate the remainder when 67 is divided by c.
21
Let j be 3 - 1 - 20*5. Suppose 453*t - 102 = 452*t. Let d = j + t. What is the remainder when 22 is divided by d?
2
Let d = 451 + 204. Suppose -6*b = d - 49. Let u = b - -131. What is the remainder when 55 is divided by u?
25
Calculate the remainder when (66*77/(-14))/(-6 + 210/36) is divided by 724.
6
Let z = 3232 - 3226. Let k(l) = -24*l + 3. Calculate the remainder when k(-1) is divided by z.
3
Let b(c) = 15*c**3 + 5*c + 84. What is the remainder when 290 is divided by b(0)?
38
Suppose 3*c - 67 = -z, 5*z + 2*c - 519 = -132. Calculate the remainder when 205 is divided by z.
47
Suppose 5*g = -4*t + 1328, t + 271 = -67*g + 68*g. Calculate the remainder when 528 is divided by g.
260
Let d = 11 - -1. Suppose -d = -4*s - 36. Calculate the remainder when 9 is divided by 4/s - (-121)/33.
0
Suppose -1329 = -9*h + 2910. What is the remainder when h is divided by 43?
41
Suppose -4*w = -2*l + 126, 21*w + 133 = 2*l + 24*w. Calculate the remainder when 2206 is divided by l.
61
What is the remainder when 529 is divided by (-171000)/(-1920) - (-2)/(-32)?
84
Let f = 300 + -18. Let l = 298 - f. What is the remainder when 90 is divided by l?
10
Let c = -28718 + 29942. What is the remainder when 1227 is divided by c?
3
Suppose -s = -4*l - 114, -153*s - 7*l - 322 = -156*s. Let x = -7 + 32. What is the remainder when s is divided by x?
23
Let w(y) = 6*y + 24. Let r be w(3). Suppose -2*v - r = -0*v. Let n = v + 47. Calculate the remainder when 49 is divided by n.
23
Let s = -4564 - -5251. What is the remainder when s is divided by 333?
21
Let m be (44/12)/(5/195). Suppose -7*h - m + 423 = 0. Calculate the remainder when 79 is divided by h.
39
Suppose -2*y - 1252 + 1240 = 0, 312 = 3*b + y. What is the remainder when 1479 is divided by b?
101
Let q = 64 - 40. Suppose q = 3*k + 15. Calculate the remainder when 14/(-8)*(-2 + -2) is divided by k.
1
Let m(a) = 8*a**2 + 153*a + 309. Calculate the remainder when 2825 is divided by m(-2).
25
Suppose 6*g = g + 805. Let a = -514 + 517. Suppose a*j + 120 = 3*f, j - 195 = -3*f - 71. Calculate the remainder when g is divided by f.
38
Suppose -2*p + 116 = -4*b, -2*p + b + 117 - 7 = 0. Let h(l) = 34*l**3 + 2*l**2 - 24*l + 22. What is the remainder when p is divided by h(1)?
20
Suppose 4*h + 1648 = 107*h. What is the remainder when 252 + 1/(-2 + 3) is divided by h?
13
Suppose -h = 2*l - 109 - 34, l = 5*h + 132. Let w(n) = 3*n**2 - 2*n - 2. What is the remainder when l is divided by w(2)?
5
Suppose -l = 5*r - 195, -4*r = -6*l + 3*l - 137. Let z be 22 + -11 + 2 + 0. Let a = r - z. What is the remainder when 39 is divided by a?
14
Suppose 9*s + 576 = 9*s + 48*s. Calculate the remainder when 1007 is divided by s.
11
Let u = -24 - -33. Let z = u - 3. Calculate the remainder when 21 is divided by z.
3
Let a(q) = -q**2 - 100*q - 64. Let d(z) = -z**2 - 67*z - 42. Let v(k) = -5*a(k) + 8*d(k). What is the remainder when v(-7) is divided by (-2)/4 + 21/2?
9
Suppose 4*g = 4*v + 216, v - 101 = 3*v + 5*g. Let j = v - -67. What is the remainder when 59 is divided by j?
3
Let x = 200 + -196. Suppose -2*i = 4*n - 338, i - x*n + n = 164. What is the remainder when i is divided by 21?
20
Suppose 31*l - 659 - 178 = 0. Let v(m) = -39*m**3 + 2*m**2 - m. Let f be v(2). What is the remainder when (6/4)/((-9)/f) is divided by l?
24
Let z = -196 - -205. Let m(n) = n**3 - 9*n**2 + n - 4. Let a be m(9). Suppose p = a*p - 184. What is the remainder when p is divided by z?
1
Suppose -2434*a = -2413*a - 693. Calculate the remainder when 109 is divided by a.
10
Let l(r) = r**3 - 8*r**2 + 4*r + 27. Suppose -15 = 4*b + 9. Let u(d) = -2*d + 5. Calculate the remainder when u(b) is divided by l(7).
5
Calculate the remainder when (-1950 - (2 - 22))/((-1 - -2) + -2) is divided by 69.
67
Let t(w) = -119*w - 1351. Let q(v) = -13*v - 150. Let x(s) = -28*q(s) + 3*t(s). Calculate the remainder when x(-14) is divided by 6.
1
Let i(a) = 4*a**3 - 2*a**2 - 3*a + 5. Let f be i(2). Let g(y) = -3 + y**3 - 5*y + y**3 + f*y**2 - 33*y**2 - y. What is the remainder when g(6) is divided by 11?
0
Suppose -39*b + 57*b = 198. Suppose -2*l = -0*l + 212. Let w = l + 204. What is the remainder when w is divided by b?
10
Let p(q) = -6*q**3 + 3*q + 1. Calculate the remainder when -280 + 280 - (1 - 128) is divided by p(-2).
41
Let p be ((-231)/66)/((-2)/28). Suppose -35*g = p - 504. Calculate the remainder when 34 is divided by g.
8
Let y(v) = -v**3 - 7*v**2 - 2*v - 8. Let z be y(-6). Let r = z + 93. What is the remainder when r - -1*(3 - 2) is divided by 22?
18
Let c = 8 + -7. Suppose 5*p - 26 = -c. Let r(k) = 256*k - 6378. Calculate the remainder when r(25) is divided by p.
2
Let v be (6/(-36)*-1292)/((-4)/(-6)). Let j(y) = 34*y - 11. Let p be j(6). Let q = v - p. What is the remainder when q is divided by 44?
42
Let g = -2944 - -2955. Let b(i) = i**3 - i**2 + 9. Let o be b(0). Suppose -2*s = -r - 81, o = 3*r - 0*r. What is the remainder when s is divided by g?
9
Suppose -2430*n - 754 = -2456*n. Calculate the remainder when 232 is divided by n.
0
Let i = 4869 + -4838. What is the remainder when 326 is divided by i?
16
Let w(g) = -3*g**2 - 55*g + 7. Let p be w(-20). Let u = p - -95. Suppose -u*v + 55 = 9*v. What is the remainder when v is divided by 2?
1
Let h = -17444 - -20639. What is the remainder when h is divided by 13?
10
Let p be 2244/10 - (9 - 576/60). Let i = p - 211. Suppose -75 = 2*j - 5*j. Calculate the remainder when j is divided by i.
11
Suppose 50*p - 46*p = -3*j + 4956, 4*p - 4960 = -2*j. What is the remainder when p is divided by 125?
117
Suppose 26*i + 34 = 190. Suppose -5*a + 62 = 3*n, 2*n - 20 = -a - 2. Suppose -a*l = -i*l - 36. What is the remainder when 15 is divided by l?
6
Suppose 4*v + 19 = 55. Let a = v + -8. Calculate the remainder when 35 is divided by a + (-44)/(-12)*3.
11
Let p = 2772 - 2576. Calculate the remainder when 374 is divided by p.
178
Let l(r) = 41*r - 599. Calculate the remainder when 1021 is divided by l(15).
13
Let m(z) = -4*z - 11. Let g be m(-4). Suppose 0 = -g*r + 3*s - 9 - 40, 0 = -r - 3*s + 1. What is the remainder when 4/r*2*-79 is divided by 20?
19
Let m(a) = -17*a + 47. Suppose -2*x = x + 42. Let l be m(x). Suppose 100 = o - 3*u, 2*u = -2*o - 69 + l. What is the remainder when o is divided by 36?
34
Suppose -8*v + 9*v = 4. Let b(p) be the second derivative of p**4/12 - 4*p**3/3 - 5*p**2/2 - 2*p. What is the remainder when v is divided by b(9)?
0
Let h(i) be the first derivative of 8 + 2/3*i**3 + 15/2*i**2 + 10*i. What is the remainder when h(-10) is divided by 31?
29
Let o(h) = 18*h - 109. Let x(d) = 7*d - 54. Let c(g) = -4*o(g) + 9*x(g). Calculate the remainder when 75 is divided by c(-7).
10
Let l = 5498 - 4854. What is the remainder when 2045 is divided by l?
113
Let o be (-4 - -3) + (-8)/(-2). Suppose x - 3*j = 421, -o*x + 2*j + j + 1233 = 0. What is the remainder when x/5 - (-3)/(-15) is divided by 21?
18
Suppose 120*g + 2626 = -76*g + 7722. Let c(a) = -a**3 - 8*a**2 + 2*a - 12. What is the remainder when c(-9) is divided by g?
25
Let s(f) = 7*f - 25. Let v be s(15). Let d = v + -75. What is the remainder when 57 is divided by d?
2
Let g(a) = -13*a + 915. Calculate the remainder when g(-31) is divided by 33.
31
Suppose -6*c = -8 + 8. Suppose c = 16*l - 46*l + 3210. What is the remainder when l is divided by 38?
31
Suppose 0 = -5*z + 2*z + 33. Suppose -70*s = -73*s + 93. Calculate the remainder when s is divided by (4 - 4)/4 + z.
9
Let j = 9072 + -9058. Calculate the remainder when j is divided by 7.
0
Let b = -1197 - -1308. Let o(i) = 2*i**3 - 4*i**2 + 3*i + 1. Calculate the remainder when b is divided by o(3).
27
Let h = 11769 - 8327. Calculate the remainder when h is divided by 42.
40
Calculate the remainder when 1349 is divided by (-122)/14*(-39 - 3).
251
Suppose 0 = 5*w - 463 + 113. Let i = -32 + w. Calculate the remainder when i is divided by (28/10)/((-1)/(-5)).
10
Calculate the remainder when 566 is divided by ((-16)/((-1920)/72))/(-1*2/(-710)).
140
What is the remainder when (-7 - 1 - 478)/(-1) is divided by 29?
22
Suppose -13*l - 672 + 2284 = 0. What is the remainder wh